{"id":881,"date":"2016-05-09T22:40:21","date_gmt":"2016-05-10T03:40:21","guid":{"rendered":"http:\/\/localhost\/?page_id=881"},"modified":"2017-05-02T16:47:09","modified_gmt":"2017-05-02T21:47:09","slug":"events-evenements","status":"publish","type":"page","link":"http:\/\/www.lrc50clr.com\/?page_id=881","title":{"rendered":"\u00c9V\u00c8NEMENTS"},"content":{"rendered":"<h3 style=\"text-align: center;\">Pour plus d&#8217;information, t\u00e9l\u00e9phoner:<\/h3>\n<h3 style=\"text-align: center;\"><a href=\"http:\/\/www.lrc50clr.com\/wp-content\/uploads\/2017\/02\/Help_v02_Fr.jpg\"><img loading=\"lazy\" decoding=\"async\" class=\"alignnone wp-image-1388\" src=\"http:\/\/www.lrc50clr.com\/wp-content\/uploads\/2017\/02\/Help_v02_Fr-300x77.jpg\" alt=\"Help_v02_Fr\" width=\"171\" height=\"44\" srcset=\"http:\/\/www.lrc50clr.com\/wp-content\/uploads\/2017\/02\/Help_v02_Fr-300x77.jpg 300w, http:\/\/www.lrc50clr.com\/wp-content\/uploads\/2017\/02\/Help_v02_Fr-768x197.jpg 768w, http:\/\/www.lrc50clr.com\/wp-content\/uploads\/2017\/02\/Help_v02_Fr-1024x263.jpg 1024w, http:\/\/www.lrc50clr.com\/wp-content\/uploads\/2017\/02\/Help_v02_Fr.jpg 1272w\" sizes=\"auto, (max-width: 171px) 100vw, 171px\" \/><\/a> (Service en fran\u00e7ais)<\/h3>\n<h3>Les prix pour les \u00e9v\u00e9nements sont de 30 $ pour le vendredi et 60 $ pour le samedi.<\/h3>\n<ul>\n<li>\n<h5>Si vous avez des difficult\u00e9s, veuillez utiliser notre page <a href=\"http:\/\/www.lrc50clr.com\/?page_id=928\">CONTACT <\/a>pour nous contacter.<\/h5>\n<\/li>\n<li>\n<h5>Payez par ch\u00e8que ? <a href=\"http:\/\/www.lrc50clr.com\/wp-content\/uploads\/2017\/02\/Check_Sales_v05_Fr.pdf\" target=\"_blank\">Veuillez cliquer ici pour plus d&#8217;information.<\/a><\/h5>\n<\/li>\n<li>\n<h5>\u00a0Les achats de billets &#8211; Comment faire\u00a0\u00a0\u00a0 <a href=\"http:\/\/www.lrc50clr.com\/wp-content\/uploads\/2017\/01\/Eventbrite_HowTo_v04_Fr-.pdf\" target=\"_blank\">Veuillez cliquer ici.<\/a><\/h5>\n<\/li>\n<li>\n<h5>D\u00e9sol\u00e9 aucun remboursement, et non transmissible.<\/h5>\n<\/li>\n<\/ul>\n<h4><span style=\"color: #339966;\"><a style=\"color: #339966;\" href=\"https:\/\/www.eventbrite.ca\/e\/lrc50clr-friday-night-meet-and-greet-soiree-rencontre-vendredi-soir-tickets-25673900327\" target=\"_blank\">12 mai Soir\u00e9e rencontre vendredi soir au Gymnase du <\/a><\/span><span style=\"color: #00ff00;\"><a style=\"color: #00ff00;\" href=\"https:\/\/www.eventbrite.ca\/e\/lrc50clr-friday-night-meet-and-greet-soiree-rencontre-vendredi-soir-tickets-25673900327\" target=\"_blank\"><span style=\"color: #339966;\">Coll\u00e8ge Louis-Riel.<\/span><br \/>\nPromenez-vous dans les corridors de l\u2019\u00e9cole et allez voir les diff\u00e9rentes expositions.\u00a0 Par apr\u00e8s, vous pouvez vous rendre au gymnase pour du vin\/de la bi\u00e8re (un billet gratuit) et des rafraichissements!&#8217;<br \/>\n18 h 30 Portes ouvertes \u00e0 l\u2019entr\u00e9e de la rue St-Jean-Baptiste &#8230; Enregistrement. Visites de l&#8217;\u00e9cole!<br \/>\nDans le gymnase entrant par la porte de l&#8217;avenue Cath\u00e9drale.<br \/>\n20 h \u00e0 20 h 30 Salutations des dignitaires \/ invit\u00e9s<br \/>\n20 h 30 \u00e0 1 h Soir\u00e9e dansante et visite<br \/>\n* Pas de vestiaire<br \/>\n* Billets tir\u00e9s pour les prix de pr\u00e9sence!<br \/>\n* Il y aura des collations et des p\u00e2tisseries!<br \/>\n* Dernier appel au bar 23 h 45<\/a><\/span><span style=\"color: #00ff00;\"><a style=\"color: #00ff00;\" href=\"https:\/\/www.eventbrite.ca\/e\/lrc50clr-friday-night-meet-and-greet-soiree-rencontre-vendredi-soir-tickets-25673900327\" target=\"_blank\"><br \/>\n<span style=\"color: #008080;\">Les billets pour vendredi par carte de cr\u00e9dit (cliquer ici)<\/span><\/a><\/span><\/h4>\n<h4><span style=\"color: #00ff00;\"><a style=\"color: #00ff00;\" href=\"https:\/\/www.eventbrite.ca\/e\/lrc50clr-saturday-variety-show-and-social-boite-a-chanson-et-socialle-samedi-tickets-25674233323\" target=\"_blank\"><span style=\"color: #339966;\">13 mai Bo\u00eete \u00e0 chansons et soir\u00e9e sociale samedi 18:00 au Centre d\u2019\u00e9v\u00e8nement du Casino Club Regent<\/span>\u00a0 18 h \u00e0 18 h 30\u00a0\u00a0\u00a0\u00a0\u00a0\u00a0 \u00a0\u00a0 Cocktails<br \/>\n18 h 30 \u00e0 20 h\u00a0\u00a0\u00a0\u00a0\u00a0\u00a0\u00a0 \u00a0 Buffet<br \/>\n20 h \u00e0 22 h\u00a0\u00a0\u00a0\u00a0\u00a0\u00a0\u00a0\u00a0\u00a0\u00a0\u00a0\u00a0\u00a0\u00a0\u00a0\u00a0 Bo\u00eete \u00e0 chansons<br \/>\n22 h \u00e0 01 h\u00a0\u00a0\u00a0\u00a0\u00a0\u00a0\u00a0\u00a0\u00a0\u00a0\u00a0\u00a0\u00a0\u00a0\u00a0\u00a0 Soir\u00e9e sociale<br \/>\n* Il y aura un tirage de billets 50\/50. Les billets seront vendus \u00e0 la porte \u00e0 partir de 18 h 30. Le tirage aura lieu vers minuit.<br \/>\n* Il y a un vestiaire dans le foyer principal du Centre d\u2019\u00e9v\u00e8nement du Casino Club Regent.<br \/>\n<span style=\"color: #008080;\">Les billets pour samedi\u00a0 par carte de cr\u00e9dit (cliquer ici)<\/span><\/a><\/span><\/h4>\n<h4><em><strong>\u00c0vis \u00e0 tous les finissants et aux finissantes du Coll\u00e8ge Louis-Riel (CLR) ou du Louis Riel Collegiate (LRC) qui participeront au 50e anniversaire!<\/strong><\/em><\/h4>\n<h4>Pour ceux qui s&#8217;int\u00e9resse \u00e0 se louer une chambre pour l&#8217;occasion du 50e anniversaire,<a href=\"https:\/\/www.canadinns.com\/stay\/club-regent-casino-hotel\/home\/\" target=\"_blank\"> Le Canad Inns\\Club Regen<\/a>t, (Tel: (204) 667-5560) nous offre un tarif r\u00e9duit. Le co\u00fbt pour un soir est de 124,00$ plus TPS. Le code pour le prix r\u00e9duit est: #332116<br \/>\nS.V.P. r\u00e9server vos chambres d\u00e8s maintenant, car ce taux r\u00e9duit est seulement disponible jusqu&#8217;au 12 avril 2017 (un mois avant l&#8217;anniversaire du 50e).<\/h4>\n<h4>Canad Inns Regent Event Centre &amp; Casino: \u202d1 (204) 667-5560\u202c<br \/>\n1415 Regent Ave W<br \/>\nWinnipeg MB R2C 3B2<br \/>\nCanada<br \/>\ncanadinns.com<\/h4>\n","protected":false},"excerpt":{"rendered":"<p>Pour plus d&rsquo;information, t&eacute;l&eacute;phoner: (Service en fran&ccedil;ais) Les prix pour les &eacute;v&eacute;nements sont de 30 $ pour le vendredi et 60 $ pour le samedi. Si vous avez des difficult&eacute;s, veuillez utiliser notre page CONTACT pour nous contacter. Payez par ch&egrave;que ? Veuillez cliquer ici pour plus d&rsquo;information. &nbsp;Les achats de billets &ndash; Comment faire&nbsp;&nbsp;&nbsp; &hellip; <a href=\"http:\/\/www.lrc50clr.com\/?page_id=881\" class=\"more-link\">Continue reading <span class=\"screen-reader-text\">\u00c9V\u00c8NEMENTS<\/span> <span class=\"meta-nav\">&rarr;<\/span><\/a><\/p>\n","protected":false},"author":1,"featured_media":0,"parent":0,"menu_order":50,"comment_status":"closed","ping_status":"closed","template":"","meta":{"footnotes":""},"class_list":["post-881","page","type-page","status-publish","hentry"],"yoast_head":"<!-- This site is optimized with the Yoast SEO plugin v24.3 - https:\/\/yoast.com\/wordpress\/plugins\/seo\/ -->\r\n<title>\u00c9V\u00c8NEMENTS - LRC50CLR<\/title>\r\n<meta name=\"robots\" content=\"noindex, follow, max-snippet:-1, max-image-preview:large, max-video-preview:-1\" \/>\r\n<meta property=\"og:locale\" content=\"en_US\" \/>\r\n<meta property=\"og:type\" content=\"article\" \/>\r\n<meta property=\"og:title\" content=\"\u00c9V\u00c8NEMENTS - LRC50CLR\" \/>\r\n<meta property=\"og:description\" content=\"Pour plus d&rsquo;information, t&eacute;l&eacute;phoner: (Service en fran&ccedil;ais) Les prix pour les &eacute;v&eacute;nements sont de 30 $ pour le vendredi et 60 $ pour le samedi. Si vous avez des difficult&eacute;s, veuillez utiliser notre page CONTACT pour nous contacter. Payez par ch&egrave;que ? Veuillez cliquer ici pour plus d&rsquo;information. &nbsp;Les achats de billets &ndash; Comment faire&nbsp;&nbsp;&nbsp; &hellip; Continue reading \u00c9V\u00c8NEMENTS &rarr;\" \/>\r\n<meta property=\"og:url\" content=\"http:\/\/www.lrc50clr.com\/?page_id=881\" \/>\r\n<meta property=\"og:site_name\" content=\"LRC50CLR\" \/>\r\n<meta property=\"article:modified_time\" content=\"2017-05-02T21:47:09+00:00\" \/>\r\n<meta property=\"og:image\" content=\"http:\/\/www.lrc50clr.com\/wp-content\/uploads\/2017\/02\/Help_v02_Fr-300x77.jpg\" \/>\r\n<meta name=\"twitter:card\" content=\"summary_large_image\" \/>\r\n<meta name=\"twitter:label1\" content=\"Est. reading time\" \/>\n\t<meta name=\"twitter:data1\" content=\"2 minutes\" \/>\r\n<script type=\"application\/ld+json\" class=\"yoast-schema-graph\">{\"@context\":\"https:\/\/schema.org\",\"@graph\":[{\"@type\":\"WebPage\",\"@id\":\"http:\/\/www.lrc50clr.com\/?page_id=881\",\"url\":\"http:\/\/www.lrc50clr.com\/?page_id=881\",\"name\":\"\u00c9V\u00c8NEMENTS - LRC50CLR\",\"isPartOf\":{\"@id\":\"http:\/\/www.lrc50clr.com\/#website\"},\"primaryImageOfPage\":{\"@id\":\"http:\/\/www.lrc50clr.com\/?page_id=881#primaryimage\"},\"image\":{\"@id\":\"http:\/\/www.lrc50clr.com\/?page_id=881#primaryimage\"},\"thumbnailUrl\":\"http:\/\/www.lrc50clr.com\/wp-content\/uploads\/2017\/02\/Help_v02_Fr-300x77.jpg\",\"datePublished\":\"2016-05-10T03:40:21+00:00\",\"dateModified\":\"2017-05-02T21:47:09+00:00\",\"breadcrumb\":{\"@id\":\"http:\/\/www.lrc50clr.com\/?page_id=881#breadcrumb\"},\"inLanguage\":\"en-CA\",\"potentialAction\":[{\"@type\":\"ReadAction\",\"target\":[\"http:\/\/www.lrc50clr.com\/?page_id=881\"]}]},{\"@type\":\"ImageObject\",\"inLanguage\":\"en-CA\",\"@id\":\"http:\/\/www.lrc50clr.com\/?page_id=881#primaryimage\",\"url\":\"http:\/\/www.lrc50clr.com\/wp-content\/uploads\/2017\/02\/Help_v02_Fr.jpg\",\"contentUrl\":\"http:\/\/www.lrc50clr.com\/wp-content\/uploads\/2017\/02\/Help_v02_Fr.jpg\",\"width\":1272,\"height\":327},{\"@type\":\"BreadcrumbList\",\"@id\":\"http:\/\/www.lrc50clr.com\/?page_id=881#breadcrumb\",\"itemListElement\":[{\"@type\":\"ListItem\",\"position\":1,\"name\":\"Home\",\"item\":\"http:\/\/www.lrc50clr.com\/?lang=en\"},{\"@type\":\"ListItem\",\"position\":2,\"name\":\"\u00c9V\u00c8NEMENTS\"}]},{\"@type\":\"WebSite\",\"@id\":\"http:\/\/www.lrc50clr.com\/#website\",\"url\":\"http:\/\/www.lrc50clr.com\/\",\"name\":\"LRC50CLR\",\"description\":\"Louis Riel Collegiate 50th\/e Coll\u00e8ge Louis Riel\",\"potentialAction\":[{\"@type\":\"SearchAction\",\"target\":{\"@type\":\"EntryPoint\",\"urlTemplate\":\"http:\/\/www.lrc50clr.com\/?s={search_term_string}\"},\"query-input\":{\"@type\":\"PropertyValueSpecification\",\"valueRequired\":true,\"valueName\":\"search_term_string\"}}],\"inLanguage\":\"en-CA\"}]}<\/script>\r\n<!-- \/ Yoast SEO plugin. -->","yoast_head_json":{"title":"\u00c9V\u00c8NEMENTS - LRC50CLR","robots":{"index":"noindex","follow":"follow","max-snippet":"max-snippet:-1","max-image-preview":"max-image-preview:large","max-video-preview":"max-video-preview:-1"},"og_locale":"en_US","og_type":"article","og_title":"\u00c9V\u00c8NEMENTS - LRC50CLR","og_description":"Pour plus d&rsquo;information, t&eacute;l&eacute;phoner: (Service en fran&ccedil;ais) Les prix pour les &eacute;v&eacute;nements sont de 30 $ pour le vendredi et 60 $ pour le samedi. Si vous avez des difficult&eacute;s, veuillez utiliser notre page CONTACT pour nous contacter. Payez par ch&egrave;que ? Veuillez cliquer ici pour plus d&rsquo;information. &nbsp;Les achats de billets &ndash; Comment faire&nbsp;&nbsp;&nbsp; &hellip; Continue reading \u00c9V\u00c8NEMENTS &rarr;","og_url":"http:\/\/www.lrc50clr.com\/?page_id=881","og_site_name":"LRC50CLR","article_modified_time":"2017-05-02T21:47:09+00:00","og_image":[{"url":"http:\/\/www.lrc50clr.com\/wp-content\/uploads\/2017\/02\/Help_v02_Fr-300x77.jpg","type":"","width":"","height":""}],"twitter_card":"summary_large_image","twitter_misc":{"Est. reading time":"2 minutes"},"schema":{"@context":"https:\/\/schema.org","@graph":[{"@type":"WebPage","@id":"http:\/\/www.lrc50clr.com\/?page_id=881","url":"http:\/\/www.lrc50clr.com\/?page_id=881","name":"\u00c9V\u00c8NEMENTS - LRC50CLR","isPartOf":{"@id":"http:\/\/www.lrc50clr.com\/#website"},"primaryImageOfPage":{"@id":"http:\/\/www.lrc50clr.com\/?page_id=881#primaryimage"},"image":{"@id":"http:\/\/www.lrc50clr.com\/?page_id=881#primaryimage"},"thumbnailUrl":"http:\/\/www.lrc50clr.com\/wp-content\/uploads\/2017\/02\/Help_v02_Fr-300x77.jpg","datePublished":"2016-05-10T03:40:21+00:00","dateModified":"2017-05-02T21:47:09+00:00","breadcrumb":{"@id":"http:\/\/www.lrc50clr.com\/?page_id=881#breadcrumb"},"inLanguage":"en-CA","potentialAction":[{"@type":"ReadAction","target":["http:\/\/www.lrc50clr.com\/?page_id=881"]}]},{"@type":"ImageObject","inLanguage":"en-CA","@id":"http:\/\/www.lrc50clr.com\/?page_id=881#primaryimage","url":"http:\/\/www.lrc50clr.com\/wp-content\/uploads\/2017\/02\/Help_v02_Fr.jpg","contentUrl":"http:\/\/www.lrc50clr.com\/wp-content\/uploads\/2017\/02\/Help_v02_Fr.jpg","width":1272,"height":327},{"@type":"BreadcrumbList","@id":"http:\/\/www.lrc50clr.com\/?page_id=881#breadcrumb","itemListElement":[{"@type":"ListItem","position":1,"name":"Home","item":"http:\/\/www.lrc50clr.com\/?lang=en"},{"@type":"ListItem","position":2,"name":"\u00c9V\u00c8NEMENTS"}]},{"@type":"WebSite","@id":"http:\/\/www.lrc50clr.com\/#website","url":"http:\/\/www.lrc50clr.com\/","name":"LRC50CLR","description":"Louis Riel Collegiate 50th\/e Coll\u00e8ge Louis Riel","potentialAction":[{"@type":"SearchAction","target":{"@type":"EntryPoint","urlTemplate":"http:\/\/www.lrc50clr.com\/?s={search_term_string}"},"query-input":{"@type":"PropertyValueSpecification","valueRequired":true,"valueName":"search_term_string"}}],"inLanguage":"en-CA"}]}},"_links":{"self":[{"href":"http:\/\/www.lrc50clr.com\/index.php?rest_route=\/wp\/v2\/pages\/881","targetHints":{"allow":["GET"]}}],"collection":[{"href":"http:\/\/www.lrc50clr.com\/index.php?rest_route=\/wp\/v2\/pages"}],"about":[{"href":"http:\/\/www.lrc50clr.com\/index.php?rest_route=\/wp\/v2\/types\/page"}],"author":[{"embeddable":true,"href":"http:\/\/www.lrc50clr.com\/index.php?rest_route=\/wp\/v2\/users\/1"}],"replies":[{"embeddable":true,"href":"http:\/\/www.lrc50clr.com\/index.php?rest_route=%2Fwp%2Fv2%2Fcomments&post=881"}],"version-history":[{"count":52,"href":"http:\/\/www.lrc50clr.com\/index.php?rest_route=\/wp\/v2\/pages\/881\/revisions"}],"predecessor-version":[{"id":1793,"href":"http:\/\/www.lrc50clr.com\/index.php?rest_route=\/wp\/v2\/pages\/881\/revisions\/1793"}],"wp:attachment":[{"href":"http:\/\/www.lrc50clr.com\/index.php?rest_route=%2Fwp%2Fv2%2Fmedia&parent=881"}],"curies":[{"name":"wp","href":"https:\/\/api.w.org\/{rel}","templated":true}]}}