{"id":1848,"date":"2017-05-10T16:46:11","date_gmt":"2017-05-10T21:46:11","guid":{"rendered":"http:\/\/localhost\/?page_id=1848"},"modified":"2018-10-14T10:05:28","modified_gmt":"2018-10-14T15:05:28","slug":"2017-05-10-mise-a-jour-des-evenements","status":"publish","type":"page","link":"http:\/\/www.lrc50clr.com\/?page_id=1848","title":{"rendered":"2017.05.10 Mise \u00e0 jour des \u00e9v\u00e9nements"},"content":{"rendered":"<p>Billets : Pour ceux d&#8217;entre vous qui ont re\u00e7u vos billets via Eventbrite, veuillez imprimer et apporter vos billets avec vous.<\/p>\n<p>Stationnement pour l&#8217;\u00e9v\u00e9nement du vendredi soir : Le stationnement est disponible sur la plupart des rues adjacentes autour de l\u2019\u00e9cole. Veuillez consulter la carte (<a href=\"https:\/\/tinyurl.com\/y8znqdcn\" target=\"_blank\" rel=\"noopener\">https:\/\/tinyurl.com\/y8znqdcn<\/a>) qui montre les zones de &#8220;stationnement interdit&#8221; en rouge.\u00a0 Stationnement est \u00e9galement disponible autour de l&#8217;\u00e9cole dans les endroits d\u00e9sign\u00e9s pour le personnel.<\/p>\n<p>Diffusion \u00e0 l&#8217;internet de la Bo\u00eete \u00e0 chansons du samedi soir : La Libert\u00e9 a offert de diffuser l&#8217;\u00e9v\u00e9nement, via leur site <a href=\"http:\/\/www.la-liberte.mb.ca\" target=\"_blank\" rel=\"noopener\">http:\/\/www.la-liberte.mb.ca<\/a>.<\/p>\n<p>Couverture des deux \u00e9v\u00e9nements par Jean-Fran\u00e7ois Chevrier de CBC Radio-Canada:<br \/>\n<a href=\"https:\/\/www.facebook.com\/icimanitoba\/\" target=\"_blank\" rel=\"noopener\">https:\/\/www.facebook.com\/icimanitoba\/<\/a><br \/>\n<a href=\"http:\/\/ici.radio-canada.ca\/manitoba\" target=\"_blank\" rel=\"noopener\">http:\/\/ici.radio-canada.ca\/manitoba<\/a><\/p>\n","protected":false},"excerpt":{"rendered":"<p>Billets : Pour ceux d&rsquo;entre vous qui ont re&ccedil;u vos billets via Eventbrite, veuillez imprimer et apporter vos billets avec vous. Stationnement pour l&rsquo;&eacute;v&eacute;nement du vendredi soir : Le stationnement est disponible sur la plupart des rues adjacentes autour de l&rsquo;&eacute;cole. Veuillez consulter la carte (https:\/\/tinyurl.com\/y8znqdcn) qui montre les zones de &ldquo;stationnement interdit&rdquo; en rouge.&nbsp; &hellip; <a href=\"http:\/\/www.lrc50clr.com\/?page_id=1848\" class=\"more-link\">Continue reading <span class=\"screen-reader-text\">2017.05.10 Mise \u00e0 jour des \u00e9v\u00e9nements<\/span> <span class=\"meta-nav\">&rarr;<\/span><\/a><\/p>\n","protected":false},"author":1,"featured_media":0,"parent":854,"menu_order":170,"comment_status":"closed","ping_status":"closed","template":"","meta":{"footnotes":""},"class_list":["post-1848","page","type-page","status-publish","hentry"],"yoast_head":"<!-- This site is optimized with the Yoast SEO plugin v24.3 - https:\/\/yoast.com\/wordpress\/plugins\/seo\/ -->\r\n<title>2017.05.10 Mise \u00e0 jour des \u00e9v\u00e9nements - LRC50CLR<\/title>\r\n<meta name=\"robots\" content=\"noindex, follow, max-snippet:-1, max-image-preview:large, max-video-preview:-1\" \/>\r\n<meta property=\"og:locale\" content=\"en_US\" \/>\r\n<meta property=\"og:type\" content=\"article\" \/>\r\n<meta property=\"og:title\" content=\"2017.05.10 Mise \u00e0 jour des \u00e9v\u00e9nements - LRC50CLR\" \/>\r\n<meta property=\"og:description\" content=\"Billets : Pour ceux d&rsquo;entre vous qui ont re&ccedil;u vos billets via Eventbrite, veuillez imprimer et apporter vos billets avec vous. Stationnement pour l&rsquo;&eacute;v&eacute;nement du vendredi soir : Le stationnement est disponible sur la plupart des rues adjacentes autour de l&rsquo;&eacute;cole. Veuillez consulter la carte (https:\/\/tinyurl.com\/y8znqdcn) qui montre les zones de &ldquo;stationnement interdit&rdquo; en rouge.&nbsp; &hellip; Continue reading 2017.05.10 Mise \u00e0 jour des \u00e9v\u00e9nements &rarr;\" \/>\r\n<meta property=\"og:url\" content=\"http:\/\/www.lrc50clr.com\/?page_id=1848\" \/>\r\n<meta property=\"og:site_name\" content=\"LRC50CLR\" \/>\r\n<meta property=\"article:modified_time\" content=\"2018-10-14T15:05:28+00:00\" \/>\r\n<meta name=\"twitter:card\" content=\"summary_large_image\" \/>\r\n<meta name=\"twitter:label1\" content=\"Est. reading time\" \/>\n\t<meta name=\"twitter:data1\" content=\"1 minute\" \/>\r\n<script type=\"application\/ld+json\" class=\"yoast-schema-graph\">{\"@context\":\"https:\/\/schema.org\",\"@graph\":[{\"@type\":\"WebPage\",\"@id\":\"http:\/\/www.lrc50clr.com\/?page_id=1848\",\"url\":\"http:\/\/www.lrc50clr.com\/?page_id=1848\",\"name\":\"2017.05.10 Mise \u00e0 jour des \u00e9v\u00e9nements - LRC50CLR\",\"isPartOf\":{\"@id\":\"http:\/\/www.lrc50clr.com\/#website\"},\"datePublished\":\"2017-05-10T21:46:11+00:00\",\"dateModified\":\"2018-10-14T15:05:28+00:00\",\"breadcrumb\":{\"@id\":\"http:\/\/www.lrc50clr.com\/?page_id=1848#breadcrumb\"},\"inLanguage\":\"en-CA\",\"potentialAction\":[{\"@type\":\"ReadAction\",\"target\":[\"http:\/\/www.lrc50clr.com\/?page_id=1848\"]}]},{\"@type\":\"BreadcrumbList\",\"@id\":\"http:\/\/www.lrc50clr.com\/?page_id=1848#breadcrumb\",\"itemListElement\":[{\"@type\":\"ListItem\",\"position\":1,\"name\":\"Home\",\"item\":\"http:\/\/www.lrc50clr.com\/?lang=en\"},{\"@type\":\"ListItem\",\"position\":2,\"name\":\"Nouvelles\",\"item\":\"http:\/\/www.lrc50clr.com\/?page_id=854\"},{\"@type\":\"ListItem\",\"position\":3,\"name\":\"2017.05.10 Mise \u00e0 jour des \u00e9v\u00e9nements\"}]},{\"@type\":\"WebSite\",\"@id\":\"http:\/\/www.lrc50clr.com\/#website\",\"url\":\"http:\/\/www.lrc50clr.com\/\",\"name\":\"LRC50CLR\",\"description\":\"Louis Riel Collegiate 50th\/e Coll\u00e8ge Louis Riel\",\"potentialAction\":[{\"@type\":\"SearchAction\",\"target\":{\"@type\":\"EntryPoint\",\"urlTemplate\":\"http:\/\/www.lrc50clr.com\/?s={search_term_string}\"},\"query-input\":{\"@type\":\"PropertyValueSpecification\",\"valueRequired\":true,\"valueName\":\"search_term_string\"}}],\"inLanguage\":\"en-CA\"}]}<\/script>\r\n<!-- \/ Yoast SEO plugin. -->","yoast_head_json":{"title":"2017.05.10 Mise \u00e0 jour des \u00e9v\u00e9nements - LRC50CLR","robots":{"index":"noindex","follow":"follow","max-snippet":"max-snippet:-1","max-image-preview":"max-image-preview:large","max-video-preview":"max-video-preview:-1"},"og_locale":"en_US","og_type":"article","og_title":"2017.05.10 Mise \u00e0 jour des \u00e9v\u00e9nements - LRC50CLR","og_description":"Billets : Pour ceux d&rsquo;entre vous qui ont re&ccedil;u vos billets via Eventbrite, veuillez imprimer et apporter vos billets avec vous. Stationnement pour l&rsquo;&eacute;v&eacute;nement du vendredi soir : Le stationnement est disponible sur la plupart des rues adjacentes autour de l&rsquo;&eacute;cole. Veuillez consulter la carte (https:\/\/tinyurl.com\/y8znqdcn) qui montre les zones de &ldquo;stationnement interdit&rdquo; en rouge.&nbsp; &hellip; Continue reading 2017.05.10 Mise \u00e0 jour des \u00e9v\u00e9nements &rarr;","og_url":"http:\/\/www.lrc50clr.com\/?page_id=1848","og_site_name":"LRC50CLR","article_modified_time":"2018-10-14T15:05:28+00:00","twitter_card":"summary_large_image","twitter_misc":{"Est. reading time":"1 minute"},"schema":{"@context":"https:\/\/schema.org","@graph":[{"@type":"WebPage","@id":"http:\/\/www.lrc50clr.com\/?page_id=1848","url":"http:\/\/www.lrc50clr.com\/?page_id=1848","name":"2017.05.10 Mise \u00e0 jour des \u00e9v\u00e9nements - LRC50CLR","isPartOf":{"@id":"http:\/\/www.lrc50clr.com\/#website"},"datePublished":"2017-05-10T21:46:11+00:00","dateModified":"2018-10-14T15:05:28+00:00","breadcrumb":{"@id":"http:\/\/www.lrc50clr.com\/?page_id=1848#breadcrumb"},"inLanguage":"en-CA","potentialAction":[{"@type":"ReadAction","target":["http:\/\/www.lrc50clr.com\/?page_id=1848"]}]},{"@type":"BreadcrumbList","@id":"http:\/\/www.lrc50clr.com\/?page_id=1848#breadcrumb","itemListElement":[{"@type":"ListItem","position":1,"name":"Home","item":"http:\/\/www.lrc50clr.com\/?lang=en"},{"@type":"ListItem","position":2,"name":"Nouvelles","item":"http:\/\/www.lrc50clr.com\/?page_id=854"},{"@type":"ListItem","position":3,"name":"2017.05.10 Mise \u00e0 jour des \u00e9v\u00e9nements"}]},{"@type":"WebSite","@id":"http:\/\/www.lrc50clr.com\/#website","url":"http:\/\/www.lrc50clr.com\/","name":"LRC50CLR","description":"Louis Riel Collegiate 50th\/e Coll\u00e8ge Louis Riel","potentialAction":[{"@type":"SearchAction","target":{"@type":"EntryPoint","urlTemplate":"http:\/\/www.lrc50clr.com\/?s={search_term_string}"},"query-input":{"@type":"PropertyValueSpecification","valueRequired":true,"valueName":"search_term_string"}}],"inLanguage":"en-CA"}]}},"_links":{"self":[{"href":"http:\/\/www.lrc50clr.com\/index.php?rest_route=\/wp\/v2\/pages\/1848","targetHints":{"allow":["GET"]}}],"collection":[{"href":"http:\/\/www.lrc50clr.com\/index.php?rest_route=\/wp\/v2\/pages"}],"about":[{"href":"http:\/\/www.lrc50clr.com\/index.php?rest_route=\/wp\/v2\/types\/page"}],"author":[{"embeddable":true,"href":"http:\/\/www.lrc50clr.com\/index.php?rest_route=\/wp\/v2\/users\/1"}],"replies":[{"embeddable":true,"href":"http:\/\/www.lrc50clr.com\/index.php?rest_route=%2Fwp%2Fv2%2Fcomments&post=1848"}],"version-history":[{"count":2,"href":"http:\/\/www.lrc50clr.com\/index.php?rest_route=\/wp\/v2\/pages\/1848\/revisions"}],"predecessor-version":[{"id":1916,"href":"http:\/\/www.lrc50clr.com\/index.php?rest_route=\/wp\/v2\/pages\/1848\/revisions\/1916"}],"up":[{"embeddable":true,"href":"http:\/\/www.lrc50clr.com\/index.php?rest_route=\/wp\/v2\/pages\/854"}],"wp:attachment":[{"href":"http:\/\/www.lrc50clr.com\/index.php?rest_route=%2Fwp%2Fv2%2Fmedia&parent=1848"}],"curies":[{"name":"wp","href":"https:\/\/api.w.org\/{rel}","templated":true}]}}